{"id":1816,"date":"2023-10-17T00:54:13","date_gmt":"2023-10-17T00:54:13","guid":{"rendered":"https:\/\/bolyai200.temesvaros.ro\/dr-klepp-ferenc\/"},"modified":"2023-10-17T01:03:59","modified_gmt":"2023-10-17T01:03:59","slug":"dr-klepp-ferenc","status":"publish","type":"page","link":"https:\/\/bolyai200.temesvaros.ro\/ro\/dr-klepp-ferenc\/","title":{"rendered":"Dr. Klepp Ferenc"},"content":{"rendered":"\t\t<div data-elementor-type=\"wp-page\" data-elementor-id=\"1816\" class=\"elementor elementor-1816 elementor-1806\" data-elementor-post-type=\"page\">\n\t\t\t\t\t\t<section class=\"elementor-section elementor-top-section elementor-element elementor-element-d711d2a elementor-section-boxed elementor-section-height-default elementor-section-height-default\" data-id=\"d711d2a\" data-element_type=\"section\" data-settings=\"{&quot;background_background&quot;:&quot;classic&quot;}\">\n\t\t\t\t\t\t<div class=\"elementor-container elementor-column-gap-default\">\n\t\t\t\t\t<div class=\"elementor-column elementor-col-100 elementor-top-column elementor-element elementor-element-98d0366\" data-id=\"98d0366\" data-element_type=\"column\">\n\t\t\t<div class=\"elementor-widget-wrap elementor-element-populated\">\n\t\t\t\t\t\t<div class=\"elementor-element elementor-element-496ab32 elementor-widget elementor-widget-heading\" data-id=\"496ab32\" data-element_type=\"widget\" data-widget_type=\"heading.default\">\n\t\t\t\t<div class=\"elementor-widget-container\">\n\t\t\t\t\t<h2 class=\"elementor-heading-title elementor-size-default\">Dr. Klepp Ferenc<\/h2>\t\t\t\t<\/div>\n\t\t\t\t<\/div>\n\t\t\t\t\t<\/div>\n\t\t<\/div>\n\t\t\t\t\t<\/div>\n\t\t<\/section>\n\t\t\t\t<section class=\"elementor-section elementor-top-section elementor-element elementor-element-1604545 elementor-section-full_width elementor-section-height-default elementor-section-height-default\" data-id=\"1604545\" data-element_type=\"section\">\n\t\t\t\t\t\t<div class=\"elementor-container elementor-column-gap-no\">\n\t\t\t\t\t<div class=\"elementor-column elementor-col-50 elementor-top-column elementor-element elementor-element-4a6b9473\" data-id=\"4a6b9473\" data-element_type=\"column\" data-settings=\"{&quot;background_background&quot;:&quot;classic&quot;}\">\n\t\t\t<div class=\"elementor-widget-wrap elementor-element-populated\">\n\t\t\t\t\t\t<div class=\"elementor-element elementor-element-e4f350a elementor-widget elementor-widget-image\" data-id=\"e4f350a\" data-element_type=\"widget\" data-widget_type=\"image.default\">\n\t\t\t\t<div class=\"elementor-widget-container\">\n\t\t\t\t\t\t\t\t\t\t\t\t\t\t\t<img fetchpriority=\"high\" decoding=\"async\" width=\"428\" height=\"542\" src=\"https:\/\/bolyai200.temesvaros.ro\/wp-content\/uploads\/2023\/10\/11-Klepp-e1697504256188.png\" class=\"attachment-large size-large wp-image-1808\" alt=\"11 klepp\" srcset=\"https:\/\/bolyai200.temesvaros.ro\/wp-content\/uploads\/2023\/10\/11-Klepp-e1697504256188.png 428w, https:\/\/bolyai200.temesvaros.ro\/wp-content\/uploads\/2023\/10\/11-Klepp-e1697504256188-237x300.png 237w\" sizes=\"(max-width: 428px) 100vw, 428px\" \/>\t\t\t\t\t\t\t\t\t\t\t\t\t\t\t<\/div>\n\t\t\t\t<\/div>\n\t\t\t\t\t<\/div>\n\t\t<\/div>\n\t\t\t\t<div class=\"elementor-column elementor-col-50 elementor-top-column elementor-element elementor-element-56bc6187\" data-id=\"56bc6187\" data-element_type=\"column\">\n\t\t\t<div class=\"elementor-widget-wrap elementor-element-populated\">\n\t\t\t\t\t\t<section class=\"elementor-section elementor-inner-section elementor-element elementor-element-4a742f27 elementor-section-full_width elementor-section-content-middle elementor-section-height-default elementor-section-height-default\" data-id=\"4a742f27\" data-element_type=\"section\" data-settings=\"{&quot;background_background&quot;:&quot;classic&quot;}\">\n\t\t\t\t\t\t<div class=\"elementor-container elementor-column-gap-no\">\n\t\t\t\t\t<div class=\"elementor-column elementor-col-100 elementor-inner-column elementor-element elementor-element-3409769d\" data-id=\"3409769d\" data-element_type=\"column\" data-settings=\"{&quot;background_background&quot;:&quot;classic&quot;}\">\n\t\t\t<div class=\"elementor-widget-wrap elementor-element-populated\">\n\t\t\t\t\t\t<div class=\"elementor-element elementor-element-a86589c elementor-widget__width-initial elementor-widget elementor-widget-text-editor\" data-id=\"a86589c\" data-element_type=\"widget\" data-widget_type=\"text-editor.default\">\n\t\t\t\t<div class=\"elementor-widget-container\">\n\t\t\t\t\t\t\t\t\t<p>Dr. Klepp Ferenc, profesor emeritus, <span>Universitatea Politehnica Timi\u0219oara:<br \/><\/span><strong>Cutreier\u00e2nd Europa cu J\u00e1nos Bolyai<\/strong><\/p><p><\/p><p>Expunerea este o c\u0103l\u0103torie matematica de la geometria neeuclidiana a lui J\u00e1nos Bolyai anun\u021bat\u0103 la Timi\u0219oara acum 200 de ani, urmat\u0103 de geometria Riemanniana, p\u00e2n\u0103 la geometria spa\u021biilor Finsler, care este \u0219i domeniul meu de cercetare.<\/p><p>Este de remarcat ca Academicianul Radu Miron, \u00eentemeietorul \u0219colii rom\u00e2ne\u0219ti de Spa\u021bii Finsler, a prezentat \u00een anul 1977 tot la Timi\u0219oara lucrarea care a deschis drumuri noi \u00een studiul Conexiunilor Finsler \u0219i a publicat la Timi\u0219oara \u00een 1980\u00a0 lucrarea &#8220;Introducere \u00een teoria Spatiilor Finsler&#8221; care a \u00eensemnat \u00eenceputul Colocviilor Na\u021bionale de Spatii Finsler organizate cu regularitate la Bra\u0219ov sub conducerea profesorului Gheorghe Atanasiu.<\/p><p><\/p><p>\u00cen continuare sunt prezentate Conferen\u021be \u0219i Cursuri pentru cadre didactice din Germania \u0219i Elve\u021bia, care trateaz\u0103 geometria neeuclidian\u0103 \u0219i subliniaz\u0103 contribu\u021bia esen\u021bial\u0103 a lui J\u00e1nos Bolyai.<\/p><p><\/p><p>\u00cen \u00eencheiere este prezentat\u0103 Expozi\u021bia Didactic\u0103 permanent\u0103 &#8220;Mathematikum&#8221; din Giesen, unde sunt prezentate printre alte modele \u0219i jocuri matematice \u0219i modele &#8220;palpabile&#8221; ale geometriilor neeuclidiene.<\/p>\t\t\t\t\t\t\t\t<\/div>\n\t\t\t\t<\/div>\n\t\t\t\t\t<\/div>\n\t\t<\/div>\n\t\t\t\t\t<\/div>\n\t\t<\/section>\n\t\t\t\t\t<\/div>\n\t\t<\/div>\n\t\t\t\t\t<\/div>\n\t\t<\/section>\n\t\t\t\t<\/div>\n\t\t","protected":false},"excerpt":{"rendered":"<p>Dr. Klepp Ferenc Dr. Klepp Ferenc, profesor emeritus, Universitatea Politehnica Timi\u0219oara:Cutreier\u00e2nd Europa cu J\u00e1nos Bolyai Expunerea este o c\u0103l\u0103torie matematica de la geometria neeuclidiana a lui J\u00e1nos Bolyai anun\u021bat\u0103 la Timi\u0219oara acum 200 de ani, urmat\u0103 de geometria Riemanniana, p\u00e2n\u0103 la geometria spa\u021biilor Finsler, care este \u0219i domeniul meu de cercetare. Este de remarcat ca [&hellip;]<\/p>\n","protected":false},"author":2,"featured_media":1810,"parent":0,"menu_order":28,"comment_status":"closed","ping_status":"closed","template":"","meta":{"_seopress_robots_primary_cat":"","_seopress_titles_title":"","_seopress_titles_desc":"","_seopress_robots_index":"","ngg_post_thumbnail":0,"footnotes":""},"_links":{"self":[{"href":"https:\/\/bolyai200.temesvaros.ro\/ro\/wp-json\/wp\/v2\/pages\/1816"}],"collection":[{"href":"https:\/\/bolyai200.temesvaros.ro\/ro\/wp-json\/wp\/v2\/pages"}],"about":[{"href":"https:\/\/bolyai200.temesvaros.ro\/ro\/wp-json\/wp\/v2\/types\/page"}],"author":[{"embeddable":true,"href":"https:\/\/bolyai200.temesvaros.ro\/ro\/wp-json\/wp\/v2\/users\/2"}],"replies":[{"embeddable":true,"href":"https:\/\/bolyai200.temesvaros.ro\/ro\/wp-json\/wp\/v2\/comments?post=1816"}],"version-history":[{"count":7,"href":"https:\/\/bolyai200.temesvaros.ro\/ro\/wp-json\/wp\/v2\/pages\/1816\/revisions"}],"predecessor-version":[{"id":1831,"href":"https:\/\/bolyai200.temesvaros.ro\/ro\/wp-json\/wp\/v2\/pages\/1816\/revisions\/1831"}],"wp:featuredmedia":[{"embeddable":true,"href":"https:\/\/bolyai200.temesvaros.ro\/ro\/wp-json\/wp\/v2\/media\/1810"}],"wp:attachment":[{"href":"https:\/\/bolyai200.temesvaros.ro\/ro\/wp-json\/wp\/v2\/media?parent=1816"}],"curies":[{"name":"wp","href":"https:\/\/api.w.org\/{rel}","templated":true}]}}

<div data-elementor-type="wp-page" data-elementor-id="1816" class="elementor elementor-1816 elementor-1806" data-elementor-post-type="page">
						<section class="elementor-section elementor-top-section elementor-element elementor-element-d711d2a elementor-section-boxed elementor-section-height-default elementor-section-height-default" data-id="d711d2a" data-element_type="section" data-settings="{&quot;background_background&quot;:&quot;classic&quot;}">
						<div class="elementor-container elementor-column-gap-default">
					<div class="elementor-column elementor-col-100 elementor-top-column elementor-element elementor-element-98d0366" data-id="98d0366" data-element_type="column">
			<div class="elementor-widget-wrap elementor-element-populated">
						<div class="elementor-element elementor-element-496ab32 elementor-widget elementor-widget-heading" data-id="496ab32" data-element_type="widget" data-widget_type="heading.default">
				<div class="elementor-widget-container">
					<h2 class="elementor-heading-title elementor-size-default">Dr. Klepp Ferenc</h2>				</div>
				</div>
					</div>
		</div>
					</div>
		</section>
				<section class="elementor-section elementor-top-section elementor-element elementor-element-1604545 elementor-section-full_width elementor-section-height-default elementor-section-height-default" data-id="1604545" data-element_type="section">
						<div class="elementor-container elementor-column-gap-no">
					<div class="elementor-column elementor-col-50 elementor-top-column elementor-element elementor-element-4a6b9473" data-id="4a6b9473" data-element_type="column" data-settings="{&quot;background_background&quot;:&quot;classic&quot;}">
			<div class="elementor-widget-wrap elementor-element-populated">
						<div class="elementor-element elementor-element-e4f350a elementor-widget elementor-widget-image" data-id="e4f350a" data-element_type="widget" data-widget_type="image.default">
				<div class="elementor-widget-container">
															<img fetchpriority="high" decoding="async" width="428" height="542" src="https://bolyai200.temesvaros.ro/wp-content/uploads/2023/10/11-Klepp-e1697504256188.png" class="attachment-large size-large wp-image-1808" alt="11 klepp" srcset="https://bolyai200.temesvaros.ro/wp-content/uploads/2023/10/11-Klepp-e1697504256188.png 428w, https://bolyai200.temesvaros.ro/wp-content/uploads/2023/10/11-Klepp-e1697504256188-237x300.png 237w" sizes="(max-width: 428px) 100vw, 428px" />															</div>
				</div>
					</div>
		</div>
				<div class="elementor-column elementor-col-50 elementor-top-column elementor-element elementor-element-56bc6187" data-id="56bc6187" data-element_type="column">
			<div class="elementor-widget-wrap elementor-element-populated">
						<section class="elementor-section elementor-inner-section elementor-element elementor-element-4a742f27 elementor-section-full_width elementor-section-content-middle elementor-section-height-default elementor-section-height-default" data-id="4a742f27" data-element_type="section" data-settings="{&quot;background_background&quot;:&quot;classic&quot;}">
						<div class="elementor-container elementor-column-gap-no">
					<div class="elementor-column elementor-col-100 elementor-inner-column elementor-element elementor-element-3409769d" data-id="3409769d" data-element_type="column" data-settings="{&quot;background_background&quot;:&quot;classic&quot;}">
			<div class="elementor-widget-wrap elementor-element-populated">
						<div class="elementor-element elementor-element-a86589c elementor-widget__width-initial elementor-widget elementor-widget-text-editor" data-id="a86589c" data-element_type="widget" data-widget_type="text-editor.default">
				<div class="elementor-widget-container">
									<p>Dr. Klepp Ferenc, profesor emeritus, <span>Universitatea Politehnica Timișoara:<br /></span><strong>Cutreierând Europa cu János Bolyai</strong></p><p></p><p>Expunerea este o călătorie matematica de la geometria neeuclidiana a lui János Bolyai anunțată la Timișoara acum 200 de ani, urmată de geometria Riemanniana, până la geometria spațiilor Finsler, care este și domeniul meu de cercetare.</p><p>Este de remarcat ca Academicianul Radu Miron, întemeietorul școlii românești de Spații Finsler, a prezentat în anul 1977 tot la Timișoara lucrarea care a deschis drumuri noi în studiul Conexiunilor Finsler și a publicat la Timișoara în 1980  lucrarea &#8220;Introducere în teoria Spatiilor Finsler&#8221; care a însemnat începutul Colocviilor Naționale de Spatii Finsler organizate cu regularitate la Brașov sub conducerea profesorului Gheorghe Atanasiu.</p><p></p><p>În continuare sunt prezentate Conferențe și Cursuri pentru cadre didactice din Germania și Elveția, care tratează geometria neeuclidiană și subliniază contribuția esențială a lui János Bolyai.</p><p></p><p>În încheiere este prezentată Expoziția Didactică permanentă &#8220;Mathematikum&#8221; din Giesen, unde sunt prezentate printre alte modele și jocuri matematice și modele &#8220;palpabile&#8221; ale geometriilor neeuclidiene.</p>								</div>
				</div>
					</div>
		</div>
					</div>
		</section>
					</div>
		</div>
					</div>
		</section>
				</div>

<p>Dr. Klepp Ferenc Dr. Klepp Ferenc, profesor emeritus, Universitatea Politehnica Timișoara:Cutreierând Europa cu János Bolyai Expunerea este o călătorie matematica de la geometria neeuclidiana a lui János Bolyai anunțată la Timișoara acum 200 de ani, urmată de geometria Riemanniana, până la geometria spațiilor Finsler, care este și domeniul meu de cercetare. Este de remarcat ca [&hellip;]</p>
